s digit of s(27)?
8
What is the units digit of 116/(-638) + (2 - 1009740/(-33))?
0
Let i = -18 - -30. Suppose 0 = 2*f + f - i. What is the units digit of (96/f - 0) + 1?
5
Suppose 3*c = -6, -5*b + 1120 = -0*b + 5*c. Suppose a = -4*q + b + 88, 3*a - 1017 = 3*q. What is the tens digit of a?
3
Suppose -2*v - 3*j + 18596 = 0, 12*v + 2*j + 27920 = 15*v. What is the thousands digit of v?
9
Let f = -19532 + 33811. What is the hundreds digit of f?
2
Suppose 0 = 2*j - 3*q + 105, -129 = 4*j - 3*q + 96. Let y = -181 - -344. Let w = j + y. What is the hundreds digit of w?
1
Let f(p) be the first derivative of -p**4/2 - 4*p**3 - 3*p**2 - 27*p - 88. What is the hundreds digit of f(-9)?
5
Let u be 6 - -1 - 6 - 1. Suppose u = -10*v + 20*v - 630. What is the tens digit of v?
6
Let m(t) = 113*t**2 + 9*t + 15. What is the thousands digit of m(-5)?
2
What is the thousands digit of (-464)/44 - -10 - (271080/(-33) + -2)?
8
Let b = 36874 - 31017. What is the tens digit of b?
5
Let t(u) be the first derivative of 3*u**2 + 71*u - 47. Let m be t(-11). Suppose -m*x - 4*a + 9*a + 380 = 0, -3*x + 2*a = -231. What is the units digit of x?
9
Let q = -14690 + 16052. What is the units digit of q?
2
Let b be 1*(16/4 - 2). Let o be 4 - (b - (-2 + 12)). Suppose 3*q + 273 = 3*y, -4*q = -2*y + o + 170. What is the tens digit of y?
9
Let o be 1/5 - (-7 - -12)/25. Suppose -2*b + 2*i + 16 = o, -i + 0 - 2 = b. Suppose -4*s + 4*w + 360 = 0, w + w = -b*s + 265. What is the units digit of s?
9
Let i(u) = u**3 - 4*u**2 + 3*u - 5. Let q be i(4). Let f be (-2 - -31)*q/(7/10). Suppose 597 = 3*p + 3*g, 509 + f = 4*p + 3*g. What is the hundreds digit of p?
2
Let m be 3 - (3 + -12)*181*3. Suppose 225*g - 230*g = -m. What is the tens digit of g?
7
Suppose -10*f - 18084 + 115628 = 4*l, 0 = -4*l - 2*f + 97544. What is the hundreds digit of l?
3
What is the hundreds digit of (-12 + 8)/(2/4) - -4 - -7923?
9
Let x = -581 + 583. Suppose 0 = -4*b + 5*n + 2242, b + x*n - 2228 = -3*b. What is the tens digit of b?
5
Let j = -75785 - -151007. What is the thousands digit of j?
5
Suppose 0 = 2*y + 4*j - 10, -9*j + 6 = y - 6*j. Suppose -532 = -k + y*g, 7*g + 4 = 6*g. What is the units digit of k?
0
Let j be (-24)/156 + 41/13. Suppose 4*r + 9 = j*f, -2*f + 5*r - 4*r + 1 = 0. Let u(q) = 83*q**2 + 3*q + 2. What is the units digit of u(f)?
2
Let t(p) = 9*p - 70. Let v be t(10). Suppose 2*a = -3*m + 1759, v = -4*a - a. What is the tens digit of m?
8
Let s be 4/18 + (-550)/45. Let c(x) = -24*x**3 + 25*x**3 + 14*x + 5*x + 13 + 14*x**2. What is the units digit of c(s)?
3
Suppose -6*o + 149 + 37 = 0. Suppose -o*s = -27*s - 8. Suppose -182 - 146 = -s*j. What is the tens digit of j?
6
Let r be (-426)/(-10) - (-8)/20. Let y = r - 14. Suppose -2*t - y = -3*t. What is the tens digit of t?
2
Let k = -36 + 34. Let y be 1488/112 - k/(-7). Suppose 8*v - y*v = -220. What is the units digit of v?
4
Let t(a) = 315*a + 45. Let q be t(-3). Let o = q - -1524. What is the units digit of o?
4
Let d = 295 - 163. Suppose 4*n - 2*o = -n + 628, -n + 2*o + d = 0. What is the units digit of n?
4
Suppose -332842 = -71*i + 1044274. What is the hundreds digit of i?
3
Suppose -99422 = -4*c - 2*d, 2*d - 46930 - 77347 = -5*c. What is the hundreds digit of c?
8
Let g = -23 - -77. Let p = g + -54. What is the hundreds digit of 36/(-12) - (-116 - p)?
1
Let c(h) = 5*h**3 - 4*h**2 - 47*h - 41. What is the units digit of c(11)?
3
Let a(z) = -560*z**2 - 112*z - 596. Let w(j) = 51*j**2 + 10*j + 54. Let i(l) = -3*a(l) - 32*w(l). What is the thousands digit of i(-5)?
1
Suppose y - 2*y = 1, -w + 3*y + 2 = 0. What is the hundreds digit of (-6535)/(-45) + (-8)/(-36)*w?
1
Let s(h) = h**2 - h - 59. Let l be s(-7). What is the units digit of (5/20)/(l*3/(-11916))?
1
Let d be (-3)/(3*(-2)/12). What is the units digit of d*(-6 + (-1004)/(-4))?
0
Let q(d) = 371*d**2 - 386*d - 1554. What is the units digit of q(-4)?
6
Let o(h) = -3*h**2 + 83*h + 36. Let n be o(28). What is the hundreds digit of (-10)/45*348*(-18)/n?
1
Let a(i) = -2*i**3 + 6*i**2 + 2*i - 5. Let w be a(5). Let q = 182 - w. What is the hundreds digit of q?
2
Let a be 2 + (4/8)/(17/7344). Let n(x) = -110*x**3 - x**2 - x + 1. Let r be n(1). Let m = r + a. What is the tens digit of m?
0
Suppose 4*t - 8*b + 20 = -3*b, 4*b - 16 = 4*t. Let x(n) = -n**2 - 2*n + 2. Let g be x(t). Suppose -g*m = -223 - 1. What is the units digit of m?
2
Let w be 2*2/6*(-4 + 1). Let g be 10/(w*(-3)/(-48)). What is the tens digit of -2 - 8/(-2 + g/(-44))?
4
Let j(r) = 1345*r - 819. What is the tens digit of j(5)?
0
Let j(c) = 174*c**3 - 26*c**2 + 90*c - 19. What is the thousands digit of j(5)?
1
Suppose 2*o = 4*x - 166616, -165*x + 5*o + 83332 = -163*x. What is the thousands digit of x?
1
Suppose -9 = -3*i, -6*i = -3*o - 3*i - 9. Suppose o = 137*z - 135*z - 90. What is the units digit of z?
5
Let c = -95245 - -138820. What is the ten thousands digit of c?
4
Suppose 9*x = -0*x - 45. Let y(h) = -h**3 - 6*h**2 - 4*h + 17. Let j be y(x). What is the tens digit of (-8 - -4)/(j/(-261))?
8
Let j(g) = -35*g**3 + g**2 + 66*g + 491. What is the ten thousands digit of j(-8)?
1
Suppose -30 = -5*r - 3*p, 0 = -3*r - p - p + 18. Let d(o) = -o**3 + 8*o**2 - 11*o - 8. Let x be d(r). What is the units digit of 132/4 - (x + -1)?
6
Let v(i) = 57*i**2 - 196*i + 2503. What is the hundreds digit of v(13)?
5
Suppose -4*u + u + 3*j + 21 = 0, 5*j = 2*u - 26. Let a be -2 + (0 - -1 - -3). Suppose 2*f + 65 = a*p + 227, 0 = u*f - 4*p - 241. What is the units digit of f?
3
Let x = -18 - -21. Let a(n) = n**3 - 2*n**2 + 2. Let w be a(3). Suppose 0 = v - x, 7*j + 3*v = 8*j - w. What is the units digit of j?
0
Let p(n) = n**2 + 13*n + 28. Let q be p(-6). What is the tens digit of (q + 228)*((-11)/(-2) - 1)?
6
Let b be ((-15)/(-10))/(1 - (-1)/(-4)). Suppose -6*o + 32 = b*o. Suppose -c - 2*j + 17 = -7*j, 3*c + o*j = 32. What is the units digit of c?
2
Let h(a) = -2*a**3 - 22*a**2 + 184*a - 73. What is the thousands digit of h(-26)?
5
Let u(h) be the first derivative of 5*h**3/3 - h**2 + 10. Let p be u(1). What is the units digit of (1 - p/12)/(2/152)?
7
Suppose 2*z = 4*a + 2196, 3*z + 5*a = 6*a + 3274. Let c = -263 + z. What is the tens digit of c?
2
Let d = -348 - -233. Let o = 328 + -123. Let r = o + d. What is the tens digit of r?
9
Let z(h) = 59*h + 1. Let f be z(-2). Suppose 0 = -16*v + 3*v - 2249. Let a = f - v. What is the units digit of a?
6
Let d(q) = -228*q - 102. Let h be d(-2). Suppose 0 = 352*a - h*a + 1600. What is the tens digit of a?
0
Let u(k) = 248*k**3 - 6*k**2 + 31*k + 10. What is the tens digit of u(3)?
4
Suppose -2*g + 718 = -4*n, -4*g - n = 3*n - 1412. Let f = 785 - g. Suppose 5*m + 5*t - 595 = f, 1055 = 5*m - t. What is the tens digit of m?
1
Let w be 422/7 + ((-24)/(-28))/(-3). Let x = -57 + w. Suppose -5*g - 4*c + 479 = -x*c, -g - 5*c + 115 = 0. What is the tens digit of g?
9
Let x = -6 - -12. Let n(w) = -w**2 - 17*w + 114. Let l be n(-22). What is the tens digit of 42 + 12 - (-3)/(x/l)?
5
Let u be ((-201053)/428)/(3/4 - 1). Let j = 3144 - u. What is the thousands digit of j?
1
Suppose 850*m - 844*m - 78272 = 13360. What is the tens digit of m?
7
Suppose -251*l - 258*l - 353880 = -529*l. What is the units digit of l?
4
Let p(q) = 25*q - 28. Let h be p(11). Suppose h = 2*v - 257. What is the tens digit of v?
5
Let l = -270 - -272. Let j(r) = 244*r - 11. What is the tens digit of j(l)?
7
Suppose 79 = -k - 19. Suppose 57*m = -7*m - 3968. Let u = m - k. What is the tens digit of u?
3
What is the tens digit of (1 - -973)*(-493)/(-58)?
7
Let s(v) = 4*v**3 - 11*v**2 + 39*v - 290. What is the hundreds digit of s(14)?
0
Let y(s) = -s**2 - 20*s - 52. Let c be y(-21). Let j(i) = 4*i**2 + i + 6. Let q be j(-5). Let x = q + c. What is the units digit of x?
8
Suppose 5*c + 4*j = 212, 19*j - 17*j + 74 = 2*c. Suppose c*h - 54*h + 12684 = 0. What is the hundreds digit of h?
9
Let h = 23481 - 1584. What is the tens digit of h?
9
Let y(z) = -7*z**2 - 3*z + 26. Let i(w) = -3*w**2 - w + 13. Let b(l) = 9*i(l) - 4*y(l). Let p be b(-7). Let u = p + -33. What is the units digit of u?
8
Suppose -62*y = -57*y - 885. Let w = y - -254. What is the hundreds digit of w?
4
Suppose 4*g - 1452 = 4*n, 10*n - 25 = 5*n. Let i = g - 282. What is the units digit of i?
6
Sup